{"id":801,"date":"2023-01-24T08:09:51","date_gmt":"2023-01-24T08:09:51","guid":{"rendered":"https:\/\/demosites.royal-elementor-addons.com\/car-repair-v1\/?page_id=11"},"modified":"2024-03-01T19:15:29","modified_gmt":"2024-03-01T19:15:29","slug":"diagcliente","status":"publish","type":"page","link":"https:\/\/connectsoft.com.br\/?page_id=801","title":{"rendered":"Diagn\u00f3stico do Cliente para Or\u00e7amentos"},"content":{"rendered":"\t\t<div data-elementor-type=\"wp-page\" data-elementor-id=\"801\" class=\"elementor elementor-801\">\n\t\t\t\t\t\t\t\t\t<section class=\"elementor-section elementor-top-section elementor-element elementor-element-6c30e5f elementor-section-height-min-height elementor-section-boxed elementor-section-height-default elementor-section-items-middle wpr-particle-no wpr-jarallax-no wpr-parallax-no wpr-sticky-section-no wpr-equal-height-no\" data-id=\"6c30e5f\" data-element_type=\"section\" data-settings=\"{&quot;background_background&quot;:&quot;classic&quot;,&quot;shape_divider_bottom&quot;:&quot;tilt&quot;}\">\n\t\t\t\t\t\t\t<div class=\"elementor-background-overlay\"><\/div>\n\t\t\t\t\t\t<div class=\"elementor-shape elementor-shape-bottom\" data-negative=\"false\">\n\t\t\t<svg xmlns=\"http:\/\/www.w3.org\/2000\/svg\" viewBox=\"0 0 1000 100\" preserveAspectRatio=\"none\">\n\t<path class=\"elementor-shape-fill\" d=\"M0,6V0h1000v100L0,6z\"\/>\n<\/svg>\t\t<\/div>\n\t\t\t\t\t<div class=\"elementor-container elementor-column-gap-default\">\n\t\t\t\t\t<div class=\"elementor-column elementor-col-100 elementor-top-column elementor-element elementor-element-7911e74\" data-id=\"7911e74\" data-element_type=\"column\">\n\t\t\t<div class=\"elementor-widget-wrap elementor-element-populated\">\n\t\t\t\t\t\t\t\t<div class=\"elementor-element elementor-element-99750f1 elementor-widget elementor-widget-heading\" data-id=\"99750f1\" data-element_type=\"widget\" data-widget_type=\"heading.default\">\n\t\t\t\t<div class=\"elementor-widget-container\">\n\t\t\t<style>\/*! elementor - v3.18.0 - 20-12-2023 *\/\n.elementor-heading-title{padding:0;margin:0;line-height:1}.elementor-widget-heading .elementor-heading-title[class*=elementor-size-]>a{color:inherit;font-size:inherit;line-height:inherit}.elementor-widget-heading .elementor-heading-title.elementor-size-small{font-size:15px}.elementor-widget-heading .elementor-heading-title.elementor-size-medium{font-size:19px}.elementor-widget-heading .elementor-heading-title.elementor-size-large{font-size:29px}.elementor-widget-heading .elementor-heading-title.elementor-size-xl{font-size:39px}.elementor-widget-heading .elementor-heading-title.elementor-size-xxl{font-size:59px}<\/style><h2 class=\"elementor-heading-title elementor-size-default\">diagn\u00f3stico de clientes<\/h2>\t\t<\/div>\n\t\t\t\t<\/div>\n\t\t\t\t\t<\/div>\n\t\t<\/div>\n\t\t\t\t\t\t\t<\/div>\n\t\t<\/section>\n\t\t\t\t<section class=\"elementor-section elementor-top-section elementor-element elementor-element-96e692f elementor-section-boxed elementor-section-height-default elementor-section-height-default wpr-particle-no wpr-jarallax-no wpr-parallax-no wpr-sticky-section-no wpr-equal-height-no\" data-id=\"96e692f\" data-element_type=\"section\">\n\t\t\t\t\t\t<div class=\"elementor-container elementor-column-gap-default\">\n\t\t\t\t\t<div class=\"elementor-column elementor-col-100 elementor-top-column elementor-element elementor-element-90f659a\" data-id=\"90f659a\" data-element_type=\"column\">\n\t\t\t<div class=\"elementor-widget-wrap elementor-element-populated\">\n\t\t\t\t\t\t\t\t<div class=\"elementor-element elementor-element-025c2a0 elementor-widget elementor-widget-heading\" data-id=\"025c2a0\" data-element_type=\"widget\" data-widget_type=\"heading.default\">\n\t\t\t\t<div class=\"elementor-widget-container\">\n\t\t\t<h2 class=\"elementor-heading-title elementor-size-default\">formul\u00e1rio de diagn\u00f3stico<\/h2>\t\t<\/div>\n\t\t\t\t<\/div>\n\t\t\t\t<div class=\"elementor-element elementor-element-1525890 elementor-widget elementor-widget-heading\" data-id=\"1525890\" data-element_type=\"widget\" data-widget_type=\"heading.default\">\n\t\t\t\t<div class=\"elementor-widget-container\">\n\t\t\t<h2 class=\"elementor-heading-title elementor-size-default\">Gentileza preencher e nos enviar<\/h2>\t\t<\/div>\n\t\t\t\t<\/div>\n\t\t\t\t<div class=\"elementor-element elementor-element-de54679 elementor-widget elementor-widget-text-editor\" data-id=\"de54679\" data-element_type=\"widget\" data-widget_type=\"text-editor.default\">\n\t\t\t\t<div class=\"elementor-widget-container\">\n\t\t\t<style>\/*! elementor - v3.18.0 - 20-12-2023 *\/\n.elementor-widget-text-editor.elementor-drop-cap-view-stacked .elementor-drop-cap{background-color:#69727d;color:#fff}.elementor-widget-text-editor.elementor-drop-cap-view-framed .elementor-drop-cap{color:#69727d;border:3px solid;background-color:transparent}.elementor-widget-text-editor:not(.elementor-drop-cap-view-default) .elementor-drop-cap{margin-top:8px}.elementor-widget-text-editor:not(.elementor-drop-cap-view-default) .elementor-drop-cap-letter{width:1em;height:1em}.elementor-widget-text-editor .elementor-drop-cap{float:left;text-align:center;line-height:1;font-size:50px}.elementor-widget-text-editor .elementor-drop-cap-letter{display:inline-block}<\/style>\t\t\t\t<p>O Objetivo \u00e9 sabermos sobre voc\u00ea para oferecermos com mais precis\u00e3o uma solu\u00e7\u00e3o ideal e adequada \u00e0s suas necessidades<\/p>\t\t\t\t\t\t<\/div>\n\t\t\t\t<\/div>\n\t\t\t\t\t<\/div>\n\t\t<\/div>\n\t\t\t\t\t\t\t<\/div>\n\t\t<\/section>\n\t\t<div class=\"elementor-element elementor-element-c5a43cc e-flex e-con-boxed wpr-particle-no wpr-jarallax-no wpr-parallax-no wpr-sticky-section-no wpr-equal-height-no e-con e-parent\" data-id=\"c5a43cc\" data-element_type=\"container\" data-settings=\"{&quot;background_background&quot;:&quot;gradient&quot;,&quot;content_width&quot;:&quot;boxed&quot;}\" data-core-v316-plus=\"true\">\n\t\t\t\t\t<div class=\"e-con-inner\">\n\t\t\t\t<div class=\"elementor-element elementor-element-ebceb62 elementor-widget elementor-widget-wpforms\" data-id=\"ebceb62\" data-element_type=\"widget\" data-widget_type=\"wpforms.default\">\n\t\t\t\t<div class=\"elementor-widget-container\">\n\t\t\t<div class=\"wpforms-container wpforms-container-full formcssnv wpforms-render-modern\" id=\"wpforms-1179\"><form id=\"wpforms-form-1179\" class=\"wpforms-validate wpforms-form wpforms-ajax-form\" data-formid=\"1179\" method=\"post\" enctype=\"multipart\/form-data\" action=\"\/index.php?rest_route=%2Fwp%2Fv2%2Fpages%2F801\" data-token=\"3e1202ba118c84ba3572d8396ec4ac98\" data-token-time=\"1777594683\"><noscript class=\"wpforms-error-noscript\">Ative o JavaScript no seu navegador para preencher este formul\u00e1rio.<\/noscript><div id=\"wpforms-error-noscript\" style=\"display: none;\">Ative o JavaScript no seu navegador para preencher este formul\u00e1rio.<\/div><div class=\"wpforms-field-container\"><div id=\"wpforms-1179-field_1-container\" class=\"wpforms-field wpforms-field-name\" data-field-id=\"1\"><label class=\"wpforms-field-label\" for=\"wpforms-1179-field_1\">Empresa <span class=\"wpforms-required-label\" aria-hidden=\"true\">*<\/span><\/label><input type=\"text\" id=\"wpforms-1179-field_1\" class=\"wpforms-field-medium wpforms-field-required\" name=\"wpforms[fields][1]\" aria-errormessage=\"wpforms-1179-field_1-error\" required><\/div><div id=\"wpforms-1179-field_3-container\" class=\"wpforms-field wpforms-field-name\" data-field-id=\"3\"><fieldset><legend class=\"wpforms-field-label\">Contato <span class=\"wpforms-required-label\" aria-hidden=\"true\">*<\/span><\/legend><div class=\"wpforms-field-row wpforms-field-medium\"><div class=\"wpforms-field-row-block wpforms-first wpforms-one-half\"><input type=\"text\" id=\"wpforms-1179-field_3\" class=\"wpforms-field-name-first wpforms-field-required\" name=\"wpforms[fields][3][first]\" aria-errormessage=\"wpforms-1179-field_3-error\" required><label for=\"wpforms-1179-field_3\" class=\"wpforms-field-sublabel after\">Nome<\/label><\/div><div class=\"wpforms-field-row-block wpforms-one-half\"><input type=\"text\" id=\"wpforms-1179-field_3-last\" class=\"wpforms-field-name-last wpforms-field-required\" name=\"wpforms[fields][3][last]\" aria-errormessage=\"wpforms-1179-field_3-last-error\" required><label for=\"wpforms-1179-field_3-last\" class=\"wpforms-field-sublabel after\">Sobrenome<\/label><\/div><\/div><\/fieldset><\/div><div id=\"wpforms-1179-field_4-container\" class=\"wpforms-field wpforms-field-email wpforms-one-half wpforms-first\" data-field-id=\"4\"><label class=\"wpforms-field-label\" for=\"wpforms-1179-field_4\">E-mail <span class=\"wpforms-required-label\" aria-hidden=\"true\">*<\/span><\/label><input type=\"email\" id=\"wpforms-1179-field_4\" class=\"wpforms-field-large wpforms-field-required\" name=\"wpforms[fields][4]\" spellcheck=\"false\" aria-errormessage=\"wpforms-1179-field_4-error\" required><\/div><div id=\"wpforms-1179-field_5-container\" class=\"wpforms-field wpforms-field-text wpforms-one-half\" data-field-id=\"5\"><label class=\"wpforms-field-label\" for=\"wpforms-1179-field_5\">Tel\/WhatsApp <span class=\"wpforms-required-label\" aria-hidden=\"true\">*<\/span><\/label><input type=\"text\" id=\"wpforms-1179-field_5\" class=\"wpforms-field-large wpforms-field-required wpforms-masked-input\" data-rule-inputmask-incomplete=\"1\" data-inputmask-mask=\"(99)-9-9999-9999\" name=\"wpforms[fields][5]\" placeholder=\"(85) 9 8877 6655\" aria-errormessage=\"wpforms-1179-field_5-error\" required><\/div><div id=\"wpforms-1179-field_7-container\" class=\"wpforms-field wpforms-field-number wpforms-one-third wpforms-first\" data-field-id=\"7\"><label class=\"wpforms-field-label\" for=\"wpforms-1179-field_7\">Quantos usu\u00e1rios<\/label><input type=\"number\" id=\"wpforms-1179-field_7\" class=\"wpforms-field-small\" name=\"wpforms[fields][7]\" step=\"any\" aria-errormessage=\"wpforms-1179-field_7-error\" ><\/div><div id=\"wpforms-1179-field_9-container\" class=\"wpforms-field wpforms-field-number wpforms-one-third\" data-field-id=\"9\"><label class=\"wpforms-field-label\" for=\"wpforms-1179-field_9\">Quantos Vendedores<\/label><input type=\"number\" id=\"wpforms-1179-field_9\" class=\"wpforms-field-small\" name=\"wpforms[fields][9]\" step=\"any\" aria-errormessage=\"wpforms-1179-field_9-error\" ><\/div><div id=\"wpforms-1179-field_10-container\" class=\"wpforms-field wpforms-field-number wpforms-one-third\" data-field-id=\"10\"><label class=\"wpforms-field-label\" for=\"wpforms-1179-field_10\">Quantos Caixas<\/label><input type=\"number\" id=\"wpforms-1179-field_10\" class=\"wpforms-field-small\" name=\"wpforms[fields][10]\" step=\"any\" aria-errormessage=\"wpforms-1179-field_10-error\" ><\/div><div id=\"wpforms-1179-field_11-container\" class=\"wpforms-field wpforms-field-checkbox wpforms-list-3-columns\" data-field-id=\"11\"><fieldset><legend class=\"wpforms-field-label\">A empresa emite quais Documentos Fiscais:<\/legend><ul id=\"wpforms-1179-field_11\"><li class=\"choice-1 depth-1\"><input type=\"checkbox\" id=\"wpforms-1179-field_11_1\" name=\"wpforms[fields][11][]\" value=\"Nota Fiscal Eletr\u00f4nica? (NF-e)\" aria-errormessage=\"wpforms-1179-field_11_1-error\"  ><label class=\"wpforms-field-label-inline\" for=\"wpforms-1179-field_11_1\">Nota Fiscal Eletr\u00f4nica? (NF-e)<\/label><\/li><li class=\"choice-2 depth-1\"><input type=\"checkbox\" id=\"wpforms-1179-field_11_2\" name=\"wpforms[fields][11][]\" value=\"Cupom Fiscal Eletr\u00f4nico? (CF-e)\" aria-errormessage=\"wpforms-1179-field_11_2-error\"  ><label class=\"wpforms-field-label-inline\" for=\"wpforms-1179-field_11_2\">Cupom Fiscal Eletr\u00f4nico? (CF-e)<\/label><\/li><li class=\"choice-3 depth-1\"><input type=\"checkbox\" id=\"wpforms-1179-field_11_3\" name=\"wpforms[fields][11][]\" value=\"Nota Fiscal Consumidor Eletr\u00f4nica? (NFC-e)\" aria-errormessage=\"wpforms-1179-field_11_3-error\"  ><label class=\"wpforms-field-label-inline\" for=\"wpforms-1179-field_11_3\">Nota Fiscal Consumidor Eletr\u00f4nica? (NFC-e)<\/label><\/li><\/ul><\/fieldset><\/div><div id=\"wpforms-1179-field_20-container\" class=\"wpforms-field wpforms-field-checkbox wpforms-list-2-columns\" data-field-id=\"20\"><fieldset><legend class=\"wpforms-field-label\">Informe os motivos pelos quais a empresa cogita mudan\u00e7a de sistema<\/legend><ul id=\"wpforms-1179-field_20\"><li class=\"choice-1 depth-1\"><input type=\"checkbox\" id=\"wpforms-1179-field_20_1\" name=\"wpforms[fields][20][]\" value=\"\u00c9 complexo e dif\u00edcil de usar\" aria-errormessage=\"wpforms-1179-field_20_1-error\"  ><label class=\"wpforms-field-label-inline\" for=\"wpforms-1179-field_20_1\">\u00c9 complexo e dif\u00edcil de usar<\/label><\/li><li class=\"choice-2 depth-1\"><input type=\"checkbox\" id=\"wpforms-1179-field_20_2\" name=\"wpforms[fields][20][]\" value=\"Tem suporte e atendimento ruim\" aria-errormessage=\"wpforms-1179-field_20_2-error\"  ><label class=\"wpforms-field-label-inline\" for=\"wpforms-1179-field_20_2\">Tem suporte e atendimento ruim<\/label><\/li><li class=\"choice-3 depth-1\"><input type=\"checkbox\" id=\"wpforms-1179-field_20_3\" name=\"wpforms[fields][20][]\" value=\"A solu\u00e7\u00e3o dos problemas \u00e9 demorada\" aria-errormessage=\"wpforms-1179-field_20_3-error\"  ><label class=\"wpforms-field-label-inline\" for=\"wpforms-1179-field_20_3\">A solu\u00e7\u00e3o dos problemas \u00e9 demorada<\/label><\/li><li class=\"choice-4 depth-1\"><input type=\"checkbox\" id=\"wpforms-1179-field_20_4\" name=\"wpforms[fields][20][]\" value=\"\u00c9 lento e vive caindo\" aria-errormessage=\"wpforms-1179-field_20_4-error\"  ><label class=\"wpforms-field-label-inline\" for=\"wpforms-1179-field_20_4\">\u00c9 lento e vive caindo<\/label><\/li><li class=\"choice-7 depth-1\"><input type=\"checkbox\" id=\"wpforms-1179-field_20_7\" name=\"wpforms[fields][20][]\" value=\"N\u00e3o contem tudo que a empresa precisa\" aria-errormessage=\"wpforms-1179-field_20_7-error\"  ><label class=\"wpforms-field-label-inline\" for=\"wpforms-1179-field_20_7\">N\u00e3o contem tudo que a empresa precisa<\/label><\/li><li class=\"choice-6 depth-1\"><input type=\"checkbox\" id=\"wpforms-1179-field_20_6\" name=\"wpforms[fields][20][]\" value=\"Os usu\u00e1rios vivem reclamando de problemas\" aria-errormessage=\"wpforms-1179-field_20_6-error\"  ><label class=\"wpforms-field-label-inline\" for=\"wpforms-1179-field_20_6\">Os usu\u00e1rios vivem reclamando de problemas<\/label><\/li><li class=\"choice-5 depth-1\"><input type=\"checkbox\" id=\"wpforms-1179-field_20_5\" name=\"wpforms[fields][20][]\" value=\"Acha que a empresa paga muito pelo que o sistema oferece\" aria-errormessage=\"wpforms-1179-field_20_5-error\"  ><label class=\"wpforms-field-label-inline\" for=\"wpforms-1179-field_20_5\">Acha que a empresa paga muito pelo que o sistema oferece<\/label><\/li><li class=\"choice-9 depth-1\"><input type=\"checkbox\" id=\"wpforms-1179-field_20_9\" name=\"wpforms[fields][20][]\" value=\"As informa\u00e7\u00f5es n\u00e3o s\u00e3o confi\u00e1veis\" aria-errormessage=\"wpforms-1179-field_20_9-error\"  ><label class=\"wpforms-field-label-inline\" for=\"wpforms-1179-field_20_9\">As informa\u00e7\u00f5es n\u00e3o s\u00e3o confi\u00e1veis<\/label><\/li><li class=\"choice-8 depth-1\"><input type=\"checkbox\" id=\"wpforms-1179-field_20_8\" name=\"wpforms[fields][20][]\" value=\"N\u00e3o est\u00e1 em dia com as \u00faltimas obriga\u00e7\u00f5es fiscais e tribut\u00e1rias\" aria-errormessage=\"wpforms-1179-field_20_8-error\"  ><label class=\"wpforms-field-label-inline\" for=\"wpforms-1179-field_20_8\">N\u00e3o est\u00e1 em dia com as \u00faltimas obriga\u00e7\u00f5es fiscais e tribut\u00e1rias<\/label><\/li><li class=\"choice-10 depth-1\"><input type=\"checkbox\" id=\"wpforms-1179-field_20_10\" name=\"wpforms[fields][20][]\" value=\"Outro motivo, informe no campo final deste formul\u00e1rio\" aria-errormessage=\"wpforms-1179-field_20_10-error\"  ><label class=\"wpforms-field-label-inline\" for=\"wpforms-1179-field_20_10\">Outro motivo, informe no campo final deste formul\u00e1rio<\/label><\/li><\/ul><\/fieldset><\/div><div id=\"wpforms-1179-field_21-container\" class=\"wpforms-field wpforms-field-checkbox wpforms-list-2-columns\" data-field-id=\"21\"><fieldset><legend class=\"wpforms-field-label\">Quais os fatores cruciais para tomada da decis\u00e3o na troca do sistema<\/legend><ul id=\"wpforms-1179-field_21\"><li class=\"choice-1 depth-1\"><input type=\"checkbox\" id=\"wpforms-1179-field_21_1\" name=\"wpforms[fields][21][]\" value=\"Controle\" aria-errormessage=\"wpforms-1179-field_21_1-error\"  ><label class=\"wpforms-field-label-inline\" for=\"wpforms-1179-field_21_1\">Controle<\/label><\/li><li class=\"choice-2 depth-1\"><input type=\"checkbox\" id=\"wpforms-1179-field_21_2\" name=\"wpforms[fields][21][]\" value=\"Tem suporte e atendimento ruim\" aria-errormessage=\"wpforms-1179-field_21_2-error\"  ><label class=\"wpforms-field-label-inline\" for=\"wpforms-1179-field_21_2\">Tem suporte e atendimento ruim<\/label><\/li><li class=\"choice-3 depth-1\"><input type=\"checkbox\" id=\"wpforms-1179-field_21_3\" name=\"wpforms[fields][21][]\" value=\"A solu\u00e7\u00e3o dos problemas \u00e9 demorada\" aria-errormessage=\"wpforms-1179-field_21_3-error\"  ><label class=\"wpforms-field-label-inline\" for=\"wpforms-1179-field_21_3\">A solu\u00e7\u00e3o dos problemas \u00e9 demorada<\/label><\/li><li class=\"choice-4 depth-1\"><input type=\"checkbox\" id=\"wpforms-1179-field_21_4\" name=\"wpforms[fields][21][]\" value=\"\u00c9 lento e vive caindo\" aria-errormessage=\"wpforms-1179-field_21_4-error\"  ><label class=\"wpforms-field-label-inline\" for=\"wpforms-1179-field_21_4\">\u00c9 lento e vive caindo<\/label><\/li><li class=\"choice-7 depth-1\"><input type=\"checkbox\" id=\"wpforms-1179-field_21_7\" name=\"wpforms[fields][21][]\" value=\"N\u00e3o contem tudo que a empresa precisa\" aria-errormessage=\"wpforms-1179-field_21_7-error\"  ><label class=\"wpforms-field-label-inline\" for=\"wpforms-1179-field_21_7\">N\u00e3o contem tudo que a empresa precisa<\/label><\/li><li class=\"choice-6 depth-1\"><input type=\"checkbox\" id=\"wpforms-1179-field_21_6\" name=\"wpforms[fields][21][]\" value=\"Os usu\u00e1rios vivem reclamando de problemas\" aria-errormessage=\"wpforms-1179-field_21_6-error\"  ><label class=\"wpforms-field-label-inline\" for=\"wpforms-1179-field_21_6\">Os usu\u00e1rios vivem reclamando de problemas<\/label><\/li><li class=\"choice-5 depth-1\"><input type=\"checkbox\" id=\"wpforms-1179-field_21_5\" name=\"wpforms[fields][21][]\" value=\"Acha que a empresa paga muito pelo que o sistema oferece\" aria-errormessage=\"wpforms-1179-field_21_5-error\"  ><label class=\"wpforms-field-label-inline\" for=\"wpforms-1179-field_21_5\">Acha que a empresa paga muito pelo que o sistema oferece<\/label><\/li><li class=\"choice-9 depth-1\"><input type=\"checkbox\" id=\"wpforms-1179-field_21_9\" name=\"wpforms[fields][21][]\" value=\"As informa\u00e7\u00f5es n\u00e3o s\u00e3o confi\u00e1veis\" aria-errormessage=\"wpforms-1179-field_21_9-error\"  ><label class=\"wpforms-field-label-inline\" for=\"wpforms-1179-field_21_9\">As informa\u00e7\u00f5es n\u00e3o s\u00e3o confi\u00e1veis<\/label><\/li><li class=\"choice-8 depth-1\"><input type=\"checkbox\" id=\"wpforms-1179-field_21_8\" name=\"wpforms[fields][21][]\" value=\"N\u00e3o est\u00e1 em dia com as \u00faltimas obriga\u00e7\u00f5es fiscais e tribut\u00e1rias\" aria-errormessage=\"wpforms-1179-field_21_8-error\"  ><label class=\"wpforms-field-label-inline\" for=\"wpforms-1179-field_21_8\">N\u00e3o est\u00e1 em dia com as \u00faltimas obriga\u00e7\u00f5es fiscais e tribut\u00e1rias<\/label><\/li><li class=\"choice-10 depth-1\"><input type=\"checkbox\" id=\"wpforms-1179-field_21_10\" name=\"wpforms[fields][21][]\" value=\"Outro motivo, informe no campo abaixo\" aria-errormessage=\"wpforms-1179-field_21_10-error\"  ><label class=\"wpforms-field-label-inline\" for=\"wpforms-1179-field_21_10\">Outro motivo, informe no campo abaixo<\/label><\/li><\/ul><\/fieldset><\/div><div id=\"wpforms-1179-field_19-container\" class=\"wpforms-field wpforms-field-textarea\" data-field-id=\"19\"><label class=\"wpforms-field-label\" for=\"wpforms-1179-field_19\">Informe aqui considera\u00e7\u00f5es que ache importante sabermos sobre sua empresa e\/ou sistema<\/label><textarea id=\"wpforms-1179-field_19\" class=\"wpforms-field-small wpforms-limit-words-enabled\" data-form-id=\"1179\" data-field-id=\"19\" data-text-limit=\"50\" name=\"wpforms[fields][19]\" aria-errormessage=\"wpforms-1179-field_19-error\" ><\/textarea><\/div><div id=\"wpforms-1179-field_18-container\" class=\"wpforms-field wpforms-field-select wpforms-field-select-style-modern\" data-field-id=\"18\"><label class=\"wpforms-field-label\" for=\"wpforms-1179-field_18\">Onde conseguiu nosso contato?<\/label><select id=\"wpforms-1179-field_18\" class=\"wpforms-field-small choicesjs-select\" data-size-class=\"wpforms-field-row wpforms-field-small\" data-search-enabled=\"\" name=\"wpforms[fields][18]\"><option value=\"\" class=\"placeholder\" disabled  selected='selected'><\/option><option value=\"Redes Sociais\"  class=\"choice-1 depth-1\"  >Redes Sociais<\/option><option value=\"Google\"  class=\"choice-2 depth-1\"  >Google<\/option><option value=\"Indica\u00e7\u00e3o\"  class=\"choice-3 depth-1\"  >Indica\u00e7\u00e3o<\/option><option value=\"Outro\"  class=\"choice-4 depth-1\"  >Outro<\/option><\/select><\/div><div id=\"wpforms-1179-field_22-container\" class=\"wpforms-field wpforms-field-select wpforms-field-select-style-classic\" data-field-id=\"22\"><label class=\"wpforms-field-label\" for=\"wpforms-1179-field_22\">\u00c1rea de atua\u00e7\u00e3o<\/label><select id=\"wpforms-1179-field_22\" class=\"wpforms-field-medium\" name=\"wpforms[fields][22]\"><option value=\"Auto Pe\u00e7as\"  class=\"choice-1 depth-1\"  >Auto Pe\u00e7as<\/option><option value=\"Moto Pe\u00e7as\"  class=\"choice-2 depth-1\"  >Moto Pe\u00e7as<\/option><option value=\"Outro\"  class=\"choice-3 depth-1\"  >Outro<\/option><\/select><\/div><div id=\"wpforms-1179-field_23-container\" class=\"wpforms-field wpforms-field-checkbox\" data-field-id=\"23\"><fieldset><legend class=\"wpforms-field-label\">Modalidades<\/legend><ul id=\"wpforms-1179-field_23\"><li class=\"choice-1 depth-1\"><input type=\"checkbox\" id=\"wpforms-1179-field_23_1\" name=\"wpforms[fields][23][]\" value=\"Vendas de pe\u00e7as em balc\u00e3o\" aria-errormessage=\"wpforms-1179-field_23_1-error\"  ><label class=\"wpforms-field-label-inline\" for=\"wpforms-1179-field_23_1\">Vendas de pe\u00e7as em balc\u00e3o<\/label><\/li><li class=\"choice-2 depth-1\"><input type=\"checkbox\" id=\"wpforms-1179-field_23_2\" name=\"wpforms[fields][23][]\" value=\"Vendas de pe\u00e7as via representante\" aria-errormessage=\"wpforms-1179-field_23_2-error\"  ><label class=\"wpforms-field-label-inline\" for=\"wpforms-1179-field_23_2\">Vendas de pe\u00e7as via representante<\/label><\/li><li class=\"choice-3 depth-1\"><input type=\"checkbox\" id=\"wpforms-1179-field_23_3\" name=\"wpforms[fields][23][]\" value=\"Presta\u00e7\u00e3o de Servi\u00e7os (Oficina)\" aria-errormessage=\"wpforms-1179-field_23_3-error\"  ><label class=\"wpforms-field-label-inline\" for=\"wpforms-1179-field_23_3\">Presta\u00e7\u00e3o de Servi\u00e7os (Oficina)<\/label><\/li><li class=\"choice-4 depth-1\"><input type=\"checkbox\" id=\"wpforms-1179-field_23_4\" name=\"wpforms[fields][23][]\" value=\"Vendas via Internet\" aria-errormessage=\"wpforms-1179-field_23_4-error\"  ><label class=\"wpforms-field-label-inline\" for=\"wpforms-1179-field_23_4\">Vendas via Internet<\/label><\/li><\/ul><\/fieldset><\/div><\/div><!-- .wpforms-field-container --><div class=\"wpforms-submit-container\" ><input type=\"hidden\" name=\"wpforms[id]\" value=\"1179\"><input type=\"hidden\" name=\"page_title\" value=\"\"><input type=\"hidden\" name=\"page_url\" value=\"https:\/\/connectsoft.com.br\/index.php?rest_route=\/wp\/v2\/pages\/801\"><input type=\"hidden\" name=\"url_referer\" value=\"\"><button type=\"submit\" name=\"wpforms[submit]\" id=\"wpforms-submit-1179\" class=\"wpforms-submit\" data-alt-text=\"Enviando\u2026\" data-submit-text=\"Enviar\" aria-live=\"assertive\" value=\"wpforms-submit\">Enviar<\/button><img decoding=\"async\" src=\"https:\/\/connectsoft.com.br\/wp-content\/plugins\/wpforms-lite\/assets\/images\/submit-spin.svg\" class=\"wpforms-submit-spinner\" style=\"display: none;\" width=\"26\" height=\"26\" alt=\"Carregando\"><\/div><\/form><\/div>  <!-- .wpforms-container -->\t\t<\/div>\n\t\t\t\t<\/div>\n\t\t\t\t\t<\/div>\n\t\t\t\t<\/div>\n\t\t\t\t\t\t\t<\/div>\n\t\t","protected":false},"excerpt":{"rendered":"<p>diagn\u00f3stico de clientes formul\u00e1rio de diagn\u00f3stico Gentileza preencher e nos enviar O Objetivo \u00e9 sabermos sobre voc\u00ea para oferecermos com mais precis\u00e3o uma solu\u00e7\u00e3o ideal e adequada \u00e0s suas necessidades Ative o JavaScript no seu navegador para preencher este formul\u00e1rio.Ative o JavaScript no seu navegador para preencher este formul\u00e1rio.Empresa * Contato * NomeSobrenome E-mail *Tel\/WhatsApp * Enviar<\/p>\n","protected":false},"author":1,"featured_media":0,"parent":0,"menu_order":0,"comment_status":"closed","ping_status":"closed","template":"elementor_canvas","meta":{"footnotes":""},"class_list":["post-801","page","type-page","status-publish","hentry"],"_links":{"self":[{"href":"https:\/\/connectsoft.com.br\/index.php?rest_route=\/wp\/v2\/pages\/801","targetHints":{"allow":["GET"]}}],"collection":[{"href":"https:\/\/connectsoft.com.br\/index.php?rest_route=\/wp\/v2\/pages"}],"about":[{"href":"https:\/\/connectsoft.com.br\/index.php?rest_route=\/wp\/v2\/types\/page"}],"author":[{"embeddable":true,"href":"https:\/\/connectsoft.com.br\/index.php?rest_route=\/wp\/v2\/users\/1"}],"replies":[{"embeddable":true,"href":"https:\/\/connectsoft.com.br\/index.php?rest_route=%2Fwp%2Fv2%2Fcomments&post=801"}],"version-history":[{"count":20,"href":"https:\/\/connectsoft.com.br\/index.php?rest_route=\/wp\/v2\/pages\/801\/revisions"}],"predecessor-version":[{"id":1204,"href":"https:\/\/connectsoft.com.br\/index.php?rest_route=\/wp\/v2\/pages\/801\/revisions\/1204"}],"wp:attachment":[{"href":"https:\/\/connectsoft.com.br\/index.php?rest_route=%2Fwp%2Fv2%2Fmedia&parent=801"}],"curies":[{"name":"wp","href":"https:\/\/api.w.org\/{rel}","templated":true}]}}